*3/9 - -15?
2
Suppose 0 = 5*n - b + 21, n - 2 = 3*n - 2*b. List the prime factors of (-52)/(-5) - (-2)/n.
2, 5
Suppose 3*a = -o + 10, -5*o = 4*a - 66 - 28. Let i = o - -11. List the prime factors of i.
3, 11
Suppose -2*n = -4*c + 94, -5*n + 101 = c + 3*c. Let m(i) = -3*i**3 + 2*i**2. Let h be m(2). Let p = h + c. What are the prime factors of p?
2
Let j(r) = 2*r**2 + 4*r + 5. Let n = -7 + 3. Let a be j(n). What are the prime factors of 91/a - (-1)/(-3)?
2
Let i = 214 - 113. List the prime factors of i.
101
Suppose -m + 121 = m + 3*v, 2*v + 126 = 2*m. What are the prime factors of m?
2, 31
Let n(g) = 14*g**2 + 5. Let i(h) = 21*h**2 + 8. Let q(v) = -5*i(v) + 8*n(v). Let s = -2 - -1. List the prime factors of q(s).
7
List the prime factors of ((-6)/3)/((-2)/27).
3
Suppose -2*y = -5*y - 5*w - 29, 0 = 4*y - 3*w. Let c = 3 + y. Suppose -5*i + 15 = -c*i. List the prime factors of i.
3
Suppose u = -2*b - u + 56, -4*b + 3*u + 105 = 0. Suppose b = 4*r - 73. List the prime factors of r.
5
Let y(k) = k**3 - 13*k**2 + 14*k + 16. List the prime factors of y(12).
2, 5
Let a be ((-14)/(-4))/(4/8). What are the prime factors of a - 3 - 21/(-1)?
5
Let i(u) = u - 7. Let k be i(9). Suppose 6 = k*c, 5*h = h - 2*c + 46. Let t = h + -8. List the prime factors of t.
2
List the prime factors of (-4)/(-26) - 3840/(-52).
2, 37
Suppose q - 56 = 5*f, -3*f = 4*q + f - 104. List the prime factors of q.
31
Let p be (-1)/3*258/(-2). Let f = p + -25. What are the prime factors of f?
2, 3
Suppose -b = -4*z + 8, z + 3 = -5*b + 5. Suppose b = -2*o + 11 + 11. List the prime factors of o.
11
Let w(c) = -c**2 - 10*c - 12. Let f be w(-7). Let b(p) = -7 - 3 - p**2 + 12*p - 1. List the prime factors of b(f).
2
Suppose 8*s - 1215 = -s. List the prime factors of s.
3, 5
What are the prime factors of 106 - (-3 + 2) - (-2 - 1)?
2, 5, 11
Let q(w) = w**2 - w - 5. Let g be 2/(-5) + 208/20. Suppose g = 2*a + 2. What are the prime factors of q(a)?
7
Suppose -3*n - 4*i - i + 92 = 0, 3*i = -5*n + 132. List the prime factors of n.
2, 3
Suppose -2*c - 2*h = -22, 2*h = 3 + 7. Suppose -c = -t - 1. List the prime factors of (-5)/t*(-16 + -1).
17
Let f be 10/(-45) + (-40)/(-18). What are the prime factors of f*(9/2 + 2)?
13
Suppose 24*h = -3612 + 12924. List the prime factors of h.
2, 97
Let v = 2 + -2. Suppose -2*l + 8 = 0, k + v*l - 10 = -2*l. What are the prime factors of k?
2
Let v = 17 + -13. Suppose -z = v*z - 3*o - 57, 3*z - 23 = -o. What are the prime factors of z?
3
Suppose 20*d - 1732 = 168. What are the prime factors of d?
5, 19
Let c = -2 - 4. What are the prime factors of 3/18 + (-203)/c?
2, 17
Suppose -3*c - 3*c + 438 = 0. List the prime factors of c.
73
What are the prime factors of (0 - (-289 - -1)) + -29 + 33?
2, 73
Let o be (-6)/4*20/(-3). Suppose -2*s = -g - 3*g - 68, 5*g = -o. List the prime factors of s.
2, 3, 5
Suppose 5*v - b - 3 = 0, -3*v - 5*b + 9 = -8*b. Suppose 2 + v = -2*o. Let x = o - -7. List the prime factors of x.
2, 3
Let o(c) = c**2 - 2*c - 4. Let z be o(4). Let f = -6 + z. List the prime factors of (-17)/f - (-3)/6.
3
What are the prime factors of 1/(-4 - (-1172)/292)?
73
Suppose 53 + 3 = 4*t. Let y be 2/(-7) - (-4)/t. What are the prime factors of (2 + y)/(4/26)?
13
Suppose i = -3*r + 29, -2*i + 36 + 10 = 2*r. Suppose 2*h + 5*m - i = 3*m, -2 = 2*m. Suppose 0 = -v + 2*l + h, -4 + 2 = l. List the prime factors of v.
7
Suppose q - 2*q + 4*k = -173, -5*q + 801 = -4*k. Suppose -2*f = -t - 3*f + 29, -5*t - f = -q. List the prime factors of t.
2
Let p = 319 + -162. List the prime factors of p.
157
Let x = 126 + -42. Suppose -6*y + 2*y + x = 0. What are the prime factors of y?
3, 7
List the prime factors of (0 + -5)*(-58)/5.
2, 29
Let a = -9 + 9. Suppose -g - 8 = -2*n, a = 2*n - 2*g - 2 - 2. What are the prime factors of n?
2, 3
Suppose k = 3*k - 40. What are the prime factors of k?
2, 5
Let j = 35 - 24. List the prime factors of j.
11
Let t be (-4)/14 - (-244)/(-28). Let v(o) = o**2 + 8*o + 1. What are the prime factors of v(t)?
2, 5
List the prime factors of ((1 + -1)/(-1) + 1)*13.
13
Suppose 15*n - 1550 = 10*n. List the prime factors of n.
2, 5, 31
Suppose 0 = -4*i - 2*o + 264, 1 = -3*o + 13. What are the prime factors of i?
2
Let r be (-1 - (-3 - -1))*2. Suppose -2*i - r*i + 32 = 0. What are the prime factors of i?
2
Let o be 27/6 + (-4)/8. Suppose 18 = 2*g - o. Let w = -8 + g. What are the prime factors of w?
3
Let o(l) = l**2 - 11. List the prime factors of o(-8).
53
Let h be 0/1 - (2 + -6). Suppose 108 = h*v - 4*p, 2*v - 3*v + 26 = -2*p. List the prime factors of v.
2, 7
Let g = -56 - -86. What are the prime factors of g?
2, 3, 5
Suppose -3 = -5*o + 17. Suppose o*f + 3*a - 15 = 0, 4*f + 4*a = 3*a + 13. Suppose -f*u + 7 + 29 = 0. List the prime factors of u.
2, 3
Suppose c + 6 = -2*c. Suppose 2 = b - i, -32 = -b - 3*b - 4*i. Let j = c + b. What are the prime factors of j?
3
Let q = -31 - -44. What are the prime factors of q?
13
Suppose 0*s + 5*s = -5*a + 500, -3*s + 396 = 4*a. List the prime factors of a.
2, 3
Suppose 90 = 5*l + 4*l. Let n(d) = d**3 - 3*d**2 + 2*d - 2. Let k be n(3). What are the prime factors of 5/(l/k)*1?
2
Let y be 15/(1 - (-3)/(-6)). What are the prime factors of 5/(y/9)*12?
2, 3
Let n = 49 + 3. Let t be n*3*1/(-4). Let m = t - -58. What are the prime factors of m?
19
Suppose 3*z + 2*g - 646 = -2*z, 0 = 5*g + 10. What are the prime factors of z?
2, 5, 13
Let v(b) = 9*b**2 - 1. Let g be v(-2). Suppose -3*q + 61 = -g. List the prime factors of q.
2
Suppose -5*p = -6*p + 119. List the prime factors of p.
7, 17
Let g(t) = -t + 10. Let l be g(7). List the prime factors of 15/(l + -2) - 0.
3, 5
Let f(u) = u**2 - 12*u + 11. Let l be f(12). Let z = l + 16. What are the prime factors of z?
3
Let o(d) be the first derivative of 3*d**4/2 - d**2 + d + 2. Let q be o(1). Suppose q*f - 21 = 4. What are the prime factors of f?
5
Let l = 20 + 81. What are the prime factors of l?
101
Let h be -1*12*(-5 + 3). Suppose -h = 3*t - 120. List the prime factors of t.
2
Suppose 0 = -2*n + 3 - 17. Let w = n + 14. What are the prime factors of w?
7
Suppose -10*y = -727 - 1053. What are the prime factors of y?
2, 89
Let a = -7 + 7. Suppose a = -2*y + 2*m + 24, 31 = 3*y - 2*m - 2*m. List the prime factors of y.
17
Suppose 2*t - 235 = -3*t. List the prime factors of t.
47
Suppose -5*g + 16*g - 3564 = 0. List the prime factors of g.
2, 3
Let x(y) = y**2 + 2*y - 3. Let v be x(-5). Suppose -4*z = -7*z + v. What are the prime factors of z?
2
Let k = 41 - -56. List the prime factors of k.
97
Suppose 10*o = 9*o + 3. Suppose 93 = o*n + 18. List the prime factors of n.
5
Let y(f) = 13*f - 3. What are the prime factors of y(3)?
2, 3
Suppose -47 = -4*w + 3*c, -5*c + 3*c = 10. Let u(n) = -n + 9. Let d be u(w). What are the prime factors of (d*-3)/6*-12?
2, 3
Let b(s) = 5*s**3 - 2*s + 1. Let z be b(1). Let a(i) = -i**3 + 2*i**2 + 3*i - 2. Let h be a(2). Let u = z + h. List the prime factors of u.
2
Suppose 5*s - 31 = 49. Suppose -5*n - 5*i = -75, 5 - s = -n + i. What are the prime factors of n?
13
Let t(g) = -6*g + 5. List the prime factors of t(-3).
23
Suppose 48 = -4*c + 7*c. Let z = 27 + c. What are the prime factors of z?
43
Suppose 1 + 6 = c. Suppose 4*g - 30 = -5*u, -2*g + c*g = 0. What are the prime factors of u?
2, 3
Suppose 0 = n - 4*n + 381. Suppose -63 = -5*b + n. What are the prime factors of b?
2, 19
Let a be (-35)/(-15) - 2/6. Suppose a*b - 7 + 1 = 0. What are the prime factors of b?
3
Let k(q) = 2*q + 4. List the prime factors of k(8).
2, 5
Suppose 5*r - 31 = 2*s - 0*s, -3*s = -2*r + 19. Let h = s - -6. What are the prime factors of -2 - 0 - (-39)/h?
11
Let t be (-16)/24 + (-8)/6. Let p be (t - -8)*(-1)/(-3). Suppose p*a = 2*g - 4, 4*g - 13 - 25 = -2*a. List the prime factors of g.
7
Suppose -6*c + 8*c + 28 = 0. What are the prime factors of (c/35)/(1/(-30))?
2, 3
Suppose 5*b = z + 18, -2*z - 2*b + 6*b - 12 = 0. Let c(q) = -9 + q**z - q - 4*q + q. What are the prime factors of c(7)?
2, 3
Let q be 6*((-7)/3 + -1). Let j be (8/q)/((-2)/5). List the prime factors of (-3)/(-1) - (-11 + j).
13
Let u(m) = 4*m**2 + 4*m + 4. Let d be u(-3). Suppose -20 = -4*p + d. List the prime factors of p.
2, 3
Let g = 5 - 7. What are the prime factors of (24 - 4) + -1 + g?
17
Suppose 0 = x -